
Let z(p) = -p**3 - 141*p**2 + 148*p + 822. What is z(-142)?
-30
Let r(s) = s**3 - 5106*s**2 + 40780*s + 6. Determine r(8).
-26
Let z(l) = -1238*l - 201804. Calculate z(-163).
-10
Let v(f) = 150*f**2 + 21609*f - 363. What is v(-144)?
-1659
Let l(m) = -16*m**3 + 140*m**2 + 16*m + 181. Calculate l(9).
1
Let b(i) = 14*i**2 - 13*i - 55. Give b(4).
117
Let q(p) = -222*p**2 + 4725*p - 9658. Give q(19).
-25
Let u(c) = -c**2 + 493*c + 4078. Determine u(-8).
70
Let y(p) = -1221*p - 29419. Give y(-24).
-115
Let f(y) = -y**2 - 230*y + 1890. What is f(8)?
-14
Let d(x) = -x**3 - 25*x**2 - 56*x - 709. Give d(-26).
1423
Let h(s) = 1462*s**2 - 38002*s - 237. Give h(26).
23
Let c(j) = -661*j + 49128. Determine c(73).
875
Let x(o) = -14439*o - 8. Give x(0).
-8
Let m(g) = -2*g**2 + 102*g + 1036. What is m(53)?
824
Let p(v) = 13417*v - 1194111. Calculate p(89).
2
Let d(k) = 9958*k - 497862. Calculate d(50).
38
Let h(x) = -1892*x - 20503. What is h(-12)?
2201
Let x(k) = 224*k + 6267. Calculate x(-28).
-5
Let p(z) = 15*z**2 - 851*z - 9032. Give p(66).
142
Let v(q) = 3818*q**2 + 76358*q - 38. What is v(-20)?
2
Let l(k) = 2*k**3 - 510*k**2 + 21717*k - 1808. Give l(201).
1
Let j(w) = -396*w**2 - 367*w - 713. Calculate j(-2).
-1563
Let m(s) = 1105*s + 756. What is m(-1)?
-349
Let b(j) = 43*j**3 + 702*j**2 + 225*j - 6. Give b(-16).
-22
Let h(o) = 183*o + 2575. Give h(-16).
-353
Let f(m) = 5318*m - 44471. Calculate f(8).
-1927
Let h(w) = -189318*w - 1703857. What is h(-9)?
5
Let x(r) = 2407*r - 808749. What is x(336)?
3
Let u(p) = p**3 + 111*p**2 - 108951*p + 39335. What is u(279)?
-4
Let c(b) = 8528*b + 102325. Determine c(-12).
-11
Let y(g) = g**3 + 51*g**2 + 106*g. Give y(-2).
-16
Let d(k) = 12*k**2 + 4958*k + 4960. Calculate d(-1).
14
Let x(h) = -453*h + 50745. What is x(111)?
462
Let q(y) = -617*y + 6071. Give q(9).
518
Let m(o) = -413474*o - 3721263. Give m(-9).
3
Let b(k) = -k**2 + 5408*k + 86575. Determine b(-16).
-209
Let z(v) = 4345*v + 1286113. Give z(-296).
-7
Let r(d) = -13*d**2 + 302*d - 1661. Give r(18).
-437
Let p(k) = -4*k**3 - 859*k**2 - 1488*k + 668. Give p(-213).
29
Let d(p) = -p**2 + 138*p + 140. Give d(-2).
-140
Let o(x) = -244*x - 201067. Give o(-824).
-11
Let x(u) = -419*u + 27705. Calculate x(65).
470
Let d(l) = 41*l**2 - 31270*l - 9935. Calculate d(763).
-16
Let c(f) = 21*f**2 - 1012*f + 243. What is c(48)?
51
Let g(q) = -48*q**2 - 2823*q + 12610. Give g(-63).
-53
Let x(m) = 34*m**2 + 11304*m + 5310. Calculate x(-332).
-2
Let w(r) = -132*r**2 - 2794*r - 477. Calculate w(-21).
-15
Let l(b) = 2*b**2 - 72967*b + 437739. Calculate l(6).
9
Let g(u) = 149816*u + 12. Calculate g(0).
12
Let o(y) = 12*y**2 - 203*y + 615. Determine o(4).
-5
Let v(i) = i**3 - 81*i**2 + 86*i + 5644. Determine v(79).
-44
Let h(j) = -1017*j**2 + 252*j - 251. Determine h(1).
-1016
Let d(y) = -131*y**2 - 252*y + 29. What is d(-2)?
9
Let t(s) = -888*s + 165163. What is t(186)?
-5
Let v(h) = 19545*h + 175775. Give v(-9).
-130
Let n(b) = -b**2 - 1613*b - 108097. Give n(-70).
-87
Let i(z) = -3848*z + 19283. Calculate i(5).
43
Let u(o) = -621*o**2 - 8071*o - 57. Give u(-13).
-83
Let k(o) = o**3 + 9363*o**2 + 84098*o - 793. What is k(-9)?
-1
Let j(o) = -2*o**2 + 163*o + 1446. Calculate j(90).
-84
Let m(j) = -1291*j**2 - 330493*j + 764. Calculate m(-256).
-4
Let x(t) = 11509*t + 230192. What is x(-20)?
12
Let a(f) = 3164*f - 72780. Give a(23).
-8
Let n(k) = -346938*k + 14571389. Give n(42).
-7
Let u(r) = -6*r**3 + 752*r**2 - 8363*r + 104. Determine u(113).
-9
Let s(l) = 11946*l - 47777. Calculate s(4).
7
Let t(w) = -w**3 - 101*w**2 - 324*w + 555. What is t(-98)?
3495
Let x(t) = -216*t + 74532. Determine x(345).
12
Let r(w) = w**3 + 11*w**2 - 102*w + 19. Calculate r(-21).
-2249
Let m(s) = -2*s**2 - 612*s + 38053. Give m(53).
-1
Let x(k) = -137764*k - 826384. Calculate x(-6).
200
Let z(f) = -981*f - 108873. Determine z(-111).
18
Let k(m) = 3*m**3 - 20*m**2 + 63*m + 3. Give k(5).
193
Let r(t) = -145*t**3 + 16*t**2 + 75*t - 73. Determine r(1).
-127
Let k(n) = -853*n + 2406. What is k(3)?
-153
Let z(u) = 891*u + 100668. Determine z(-113).
-15
Let p(g) = 5*g**3 + 10*g**2 - 112*g + 106. Give p(1).
9
Let g(y) = 7*y**2 + 44*y - 494. Give g(-11).
-131
Let b(y) = -760*y**2 - 77*y + 65. Give b(1).
-772
Let i(u) = -u**3 + 17*u**2 + 67*u + 2401. What is i(24)?
-23
Let f(q) = 2259*q - 3773. Determine f(2).
745
Let c(f) = 3746*f - 299688. What is c(80)?
-8
Let t(m) = 2*m**3 - 148*m**2 - 163*m + 2254. Calculate t(75).
1279
Let w(a) = 3*a**2 - 65*a - 594. Calculate w(-8).
118
Let g(o) = -o**3 + 194*o**2 - 7883*o - 566. Determine g(136).
114
Let v(n) = n**3 - 177*n**2 + 439*n + 1015. What is v(4)?
3
Let u(b) = -7*b**2 - 364*b - 2347. Calculate u(-44).
117
Let o(z) = 58*z**2 - 3360*z + 6715. Give o(2).
227
Let w(l) = -l**3 + 149*l**2 + 605*l + 722. Give w(153).
-349
Let l(u) = -19395*u - 562457. What is l(-29)?
-2
Let f(q) = -25547*q + 127714. Calculate f(5).
-21
Let g(w) = -39401*w - 236403. Calculate g(-6).
3
Let x(m) = -10*m**3 - 2697*m**2 + 804*m - 1613. Calculate x(-270).
7
Let n(d) = 37854*d - 151433. What is n(4)?
-17
Let y(g) = -g**3 - 83*g**2 - 1523*g - 737. Calculate y(-56).
-121
Let k(h) = -74*h**2 + 5628*h - 373. Give k(76).
-69
Let b(n) = n**3 + 26*n**2 - 3*n + 17. Determine b(-25).
717
Let s(h) = 1806*h - 280087. What is s(155)?
-157
Let s(q) = q**2 - 18278*q - 256087. What is s(-14)?
1
Let v(m) = -203738*m + 24856037. Calculate v(122).
1
Let i(x) = x**2 + 91*x + 1105. Determine i(-48).
-959
Let z(v) = 525*v + 84418. Determine z(-161).
-107
Let x(i) = 47*i**2 - 1018*i + 5291. Determine x(13).
0
Let q(p) = 10*p**2 - 1267*p - 450. What is q(128)?
1214
Let h(b) = 1245*b + 58535. What is h(-47)?
20
Let i(r) = 160*r**2 + 1093*r + 4370. Calculate i(-4).
2558
Let c(b) = -6*b**2 - 114*b + 623. Calculate c(5).
-97
Let t(d) = 1366*d + 5824. What is t(-4)?
360
Let d(g) = -g**3 + 245*g**2 - 5880*g - 1274. Give d(218).
34
Let s(w) = -w**3 - 289*w**2 - 1240*w - 887972. Calculate s(-295).
-22
Let x(t) = 4*t**2 + 6*t - 168. Determine x(-15).
642
Let z(f) = -26*f**2 + 1623*f + 269. Determine z(62).
951
Let p(a) = -112*a + 5459. Calculate p(48).
83
Let v(p) = 20*p**3 - 58*p**2 + 10*p - 60. What is v(5)?
1040
Let s(j) = -16884*j + 4170274. Calculate s(247).
-74
Let l(a) = 3*a**2 + 296*a + 6401. What is l(-70)?
381
Let w(u) = -1152*u**2 + 14938*u + 19. Calculate w(13).
-475
Let a(z) = 516*z + 214037. Determine a(-414).
413
Let h(f) = 2*f**3 + 6*f**2 - 45*f + 254. Calculate h(5).
429
Let a(u) = -184638*u - 1107767. Calculate a(-6).
61
Let n(s) = -3*s**3 - 304*s**2 - 2224*s + 2424. What is n(-9)?
3
Let i(q) = 13*q**2 + 147*q + 216. Calculate i(-14).
706
Let d(o) = -368*o + 18871. Give d(49).
839
Let m(g) = g**2 - 1190*g + 5923. Determine m(5).
-2
Let z(i) = i**3 - 204*i**2 - 337*i + 68774. Determine z(204).
26
Let f(t) = -t**3 + 47*t**2 - 599*t + 2245. Give f(9).
-68
Let c(o) = o**3 - 142*o**2 + 1325*o + 4548. Give c(13).
-28
Let g(n) = -3*n**2 + 71*n - 195. Give g(20).
25
Let w(d) = 37*d**3 + 9*d**2 + 3. Determine w(-2).
-257
Let m(i) = -i**2 + 94*i - 1723. Calculate m(78).
-475
Let s(t) = -t**2 + 5805*t - 6581691. Give s(1545).
9
Let f(w) = 768365*w - 6146912. Determine f(8).
8
Let q(v) = -5411*v - 384229. What is q(-71)?
-48
Let d(x) = 1792*x - 1713. What is d(5)?
7247
Let z(q) = -6794*q + 998760. Calculate z(147).
42
Let r(d) = 18*d - 475. Give r(26).
-7
Let w(i) = -i**2 - 42*i + 221. Give w(13).
-494
Let c(l) = l**3 - 43*l**2 + 194*l - 4335. What is c(39)?
-2853
Let b(v) = -v**3 + 13*v**2 - 2003*v + 13720. Give b(7).
-7
Let o(u) = 921*u + 13826. Determine o(-15).
11
Let k(o) = -3052*o + 6821. Determine k(2).
717
Let p(k) = -24*k - 113. Determine p(31).
-857
Let f(y) = 46282*y - 1388441. Determine f(30).
19
Let x(d) = 482*d - 134407. Determine x(279).
71
Let i(d) = 34*d**3 + 646*d**2 - 3*d - 63. Determine i(-19).
-6
Let n(b) = 7*b**2 + 180*b - 916. Give n(-30).
-16
Let h(b) = -686*b**2 - 157781*b - 121. What is h(-230)?
109
Let d(n) = -n**3 - 8*n**2 + 201*n + 1641. Determine d(-14).
3
Let c(v) = v**3 + 169*v**2 + 7124*v - 976. Calculate c(-84).
368
Let g(i) = -i**3 - 167*i**2 + 48*i + 8219. Determine g(-167).
203
Let p(q) = -22016*q + 132053. What is p(6)?
-43
Let x(o) = 4*o**3 + 2932*o**2 + 65346*o + 1